
47
What is the highest common divisor of 976617 and 56619?
243
What is the highest common divisor of 8096 and 1009712?
176
What is the greatest common divisor of 116760888 and 72?
72
What is the greatest common factor of 38 and 1817264?
2
What is the highest common factor of 7670466 and 6?
6
Calculate the highest common divisor of 18549 and 29999.
229
What is the greatest common divisor of 5172 and 196967?
431
Calculate the highest common factor of 4456 and 335139659.
557
What is the greatest common factor of 7327 and 169303?
17
Calculate the greatest common divisor of 539 and 204193682.
539
Calculate the highest common divisor of 5687 and 201113.
517
Calculate the greatest common divisor of 964 and 2133091.
241
Calculate the highest common factor of 44231 and 193259.
11
What is the highest common factor of 43977 and 357380?
107
What is the greatest common divisor of 11322 and 109039?
37
What is the greatest common divisor of 1652198 and 1850?
74
What is the greatest common factor of 1124226 and 36672?
1146
What is the greatest common factor of 8853930 and 2370?
30
Calculate the greatest common divisor of 74745253 and 55.
11
What is the greatest common factor of 76121 and 2092627?
467
Calculate the greatest common divisor of 21944196 and 1068.
1068
Calculate the greatest common factor of 90 and 3185119575.
45
What is the greatest common factor of 52601 and 598?
23
What is the highest common divisor of 1843380 and 154?
154
What is the greatest common divisor of 93 and 2113689?
3
Calculate the greatest common divisor of 330 and 589258065.
165
Calculate the greatest common factor of 10235699 and 57.
19
Calculate the highest common divisor of 550435 and 25285.
1945
What is the greatest common factor of 42777 and 35799111?
873
What is the greatest common divisor of 116041320 and 1206?
1206
Calculate the greatest common divisor of 103 and 398611133.
103
What is the highest common divisor of 112089281 and 2116?
529
What is the highest common divisor of 126620 and 1300?
260
What is the greatest common divisor of 31824 and 14058864?
2448
What is the highest common divisor of 1299 and 17147233?
433
What is the highest common factor of 42911405 and 665?
95
What is the greatest common factor of 48987573 and 2529?
843
What is the highest common divisor of 2712096 and 46136?
584
Calculate the highest common factor of 2197300 and 4472.
172
Calculate the highest common factor of 52775 and 3825.
25
What is the highest common divisor of 481752 and 648?
72
What is the highest common divisor of 14243016 and 13059?
4353
Calculate the highest common divisor of 198627 and 5379.
33
What is the highest common divisor of 2067227 and 222?
37
What is the greatest common factor of 6 and 796907442?
6
Calculate the highest common factor of 5680794 and 210.
42
Calculate the highest common divisor of 1944192 and 24888.
1464
What is the highest common divisor of 614 and 24356459?
307
What is the greatest common factor of 1445 and 1140106445?
1445
Calculate the highest common divisor of 957 and 4188267.
87
What is the greatest common factor of 1541 and 3194893660?
1541
What is the greatest common divisor of 1521 and 7127991?
117
What is the greatest common factor of 98748 and 212277?
39
What is the highest common divisor of 1 and 43083399?
1
Calculate the highest common factor of 17531 and 5338683.
47
Calculate the highest common factor of 479238096 and 2064.
2064
Calculate the highest common factor of 286 and 177580876.
22
What is the greatest common divisor of 28424 and 44209352?
1672
Calculate the greatest common factor of 2150824 and 14872.
104
What is the highest common factor of 328881 and 27447?
21
Calculate the highest common divisor of 55835 and 49955145.
4295
Calculate the highest common factor of 9111688 and 128.
8
Calculate the highest common divisor of 135082 and 31001.
29
What is the greatest common divisor of 81232 and 106544?
16
What is the highest common divisor of 1869 and 63092456?
623
Calculate the highest common factor of 31246 and 1793888.
1838
What is the highest common factor of 354448 and 108?
4
Calculate the greatest common factor of 102128 and 7592.
104
What is the highest common factor of 1849460 and 49400?
380
Calculate the greatest common divisor of 22462321 and 217.
217
Calculate the greatest common factor of 7170 and 5995554.
1434
What is the greatest common factor of 1286600 and 1960?
280
Calculate the greatest common divisor of 2489703 and 193033.
1409
Calculate the highest common factor of 2781 and 4942251.
9
Calculate the greatest common factor of 647241 and 1207.
17
What is the highest common factor of 12 and 630009?
3
What is the highest common factor of 13208 and 5505704?
1016
What is the highest common divisor of 21668697 and 666?
9
What is the greatest common factor of 30888 and 14159574?
2574
Calculate the greatest common divisor of 11583 and 127907.
13
Calculate the highest common factor of 90129454 and 98054.
8914
Calculate the greatest common factor of 475 and 157725175.
475
What is the highest common divisor of 80374468 and 4404?
1468
What is the highest common factor of 7207430 and 640?
10
What is the greatest common divisor of 106 and 370891774?
106
Calculate the greatest common divisor of 36548810 and 3145.
85
What is the greatest common divisor of 33746224 and 9928?
136
Calculate the greatest common factor of 80298 and 4333118.
2974
Calculate the highest common factor of 26982969 and 1.
1
Calculate the highest common divisor of 615160 and 545272.
728
Calculate the greatest common divisor of 164 and 25528.
4
What is the greatest common divisor of 49739280 and 19380?
1020
What is the greatest common factor of 160743 and 5016?
33
What is the greatest common divisor of 391 and 50193962?
17
Calculate the highest common divisor of 208983054 and 42.
42
What is the greatest common factor of 63296 and 13984?
736
Calculate the greatest common factor of 334698 and 54236.
182
What is the highest common factor of 210293710 and 33?
11
Calculate the highest common factor of 58753239 and 293.
293
Calculate the highest common factor of 12430 and 7490318.
2486
Calculate the greatest common factor of 60 and 3840058.
2
Calculate the highest common divisor of 17787 and 10383051.
147
What is the highest common factor of 135 and 916083405?
135
What is the highest common factor of 174990991 and 413?
413
Calculate the highest common divisor of 43368 and 629948.
556
Calculate the highest common factor of 7602336 and 17808.
336
Calculate the highest common factor of 60884 and 147791.
491
What is the highest common factor of 207612 and 846?
18
What is the highest common factor of 15007 and 1189043?
349
What is the highest common factor of 6251 and 57742273?
893
Calculate the highest common divisor of 35670 and 6960.
870
Calculate the highest common divisor of 173137463 and 1718.
859
Calculate the greatest common factor of 112951465 and 844.
211
Calculate the highest common factor of 217801440 and 240.
240
What is the highest common divisor of 654 and 1035338026?
218
What is the greatest common divisor of 3672981120 and 888?
888
Calculate the highest common factor of 4635711 and 53622.
81
Calculate the highest common factor of 3524272 and 2128.
304
What is the greatest common factor of 634221 and 8687?
7
What is the greatest common divisor of 3636 and 5082372?
36
What is the highest common divisor of 1396181 and 3488?
109
Calculate the highest common divisor of 530892472 and 33.
11
What is the highest common divisor of 287666760 and 16?
8
Calculate the highest common divisor of 1548720 and 2310120.
3240
Calculate the highest common factor of 45542 and 865851010.
6506
Calculate the greatest common divisor of 24 and 8717964.
12
Calculate the highest common factor of 3479410 and 7535.
55
Calculate the greatest common factor of 83396312 and 32.
8
What is the greatest common divisor of 378 and 17049662?
14
Calculate the greatest common factor of 6286 and 581336.
14
Calculate the highest common divisor of 1866 and 2131890.
6
What is the highest common divisor of 15788700 and 194616?
1908
Calculate the greatest common divisor of 15045 and 244885.
85
Calculate the greatest common factor of 300926300 and 1550.
1550
What is the greatest common divisor of 53 and